tive of t**5/20 + 7*t**4/12 - t**3/6 - t**2/2 + 2*t - 6. Let x(i) be the first derivative of w(i). Determine x(-7).
6
Let k(l) be the second derivative of l**4/12 + l**2/2 + l. Let f be 7/((-98)/(-52)) - (-2)/7. Suppose 4*o + f*c - 16 = 0, -20 = o + o - 5*c. Calculate k(o).
1
Let x(z) = 100*z - z**2 + 96*z - 202*z - 9. What is x(-5)?
-4
Let x(s) = -s**3 + 5*s**2 + s + 1. Let f = -9 + 19. Suppose 5*o = 3*v + 2*v - 25, -2*o = 4*v + f. Let p = o + 10. What is x(p)?
6
Let t be 66/30 + (-2)/10. Let o(v) = v - v - t*v + 0*v. Give o(3).
-6
Let x(q) = 4*q**2 - q. Let y be x(-1). Suppose -m - 2*w = 11, y*m + 25 = 2*w + 6. Let g(b) = -b**3 - 4*b**2 + 3*b - 3. What is g(m)?
7
Let o be (-4 + 2)*-6 + 3. Suppose 11*s - 6*s - o = 0. Let m(t) = -t**2 + 2*t - 1. What is m(s)?
-4
Let t be (-1)/((-2)/6)*1. Suppose 0*o + t*o + 18 = 0. Let m = 6 + o. Let b(z) = -z**2 + z - 2. Give b(m).
-2
Suppose 7*j + 11*j = -54. Let l(u) = u**3 - 8*u - 4. Calculate l(j).
-7
Let y(n) be the third derivative of -n**6/120 + 2*n**5/15 - n**4/4 - 3*n**3/2 + 213*n**2. Suppose 3*d - 39 = -5*s - 7, -2*s - 3*d + 11 = 0. What is y(s)?
-2
Let q = 70 - 66. Let h be q/(-10) - (-57)/(-95). Let l(o) = 1 - 8*o**2 - 5 - o + 3. What is l(h)?
-8
Let z be 469/(-14)*(7 - 1)*-2. Let o(j) = 0*j**2 - 6*j + j**2 + z - 404. Suppose -8 = -5*x + 22. Give o(x).
-2
Let m = 1310 + -1317. Let q(p) = 2*p**2 + 31*p - 15. Let r(w) = w**2 + 15*w - 7. Let j(l) = -6*q(l) + 13*r(l). Determine j(m).
-15
Let d = 653 - 649. Let b(y) = 7*y - 1. Calculate b(d).
27
Let l(n) = -4*n**2 + 4*n - 1. Let h(f) = 3*f**2 - 3*f + 1. Let a(u) = 3*h(u) + 2*l(u). Suppose 9*z = 5*z + 124. Let o = z - 27. Determine a(o).
13
Let r(y) = y**2 - y + 5. Suppose 2*w - q + 4 + 3 = 0, -5*w - 40 = 2*q. Let d(z) = -5*z - z**3 - 6 - 2*z**2 - 2*z - 5*z**2. Let a be d(w). Calculate r(a).
5
Let t(i) be the second derivative of -5*i**4/12 + 2*i**3/3 - 3*i**2/2 - i + 22. Determine t(2).
-15
Let l(f) = -f + 6. Let s be l(5). Let w(a) = -2*a - s + 2 + 6 - 3. Give w(3).
-2
Let m(l) = -l**2 - 10*l - 27. Let y be m(-6). Let r(k) = -k**3 - 6*k**2 - k + 2. Determine r(y).
-22
Suppose 0 = 5*o - 9 - 6. Suppose o*h + 22 = -4*f, 0*f + 16 = -4*f. Let l(c) = -5*c + 1. What is l(h)?
11
Let s(r) = -r + 10. Let o be 1 - (1 - -2)/(-1). Suppose -2*t = -2*x + 3*x - 17, o*t + 3*x - 37 = 0. What is s(t)?
3
Let w(o) = -o**3 + 10*o**2 + 11*o + 15. Let k be w(11). Suppose -25*i = -30*i - k. Let b(t) = -t**3 - t**2 + 4*t + 4. Give b(i).
10
Let n(g) = 20*g**2 - 82*g + 10. Let p(z) = -12*z**2 + 49*z - 6. Let c(m) = 7*n(m) + 12*p(m). Calculate c(5).
-32
Let j(v) be the third derivative of -v**4/3 - 232*v**2. Suppose 0 = 4*c + 20. Let x = c - -4. Determine j(x).
8
Let b(h) be the third derivative of -h**6/120 - 17*h**5/60 - 17*h**4/24 - 10*h**3/3 + 7*h**2 - 4. Determine b(-16).
-4
Let n(l) = -l**2 - 5*l. Let m(h) = h**3 - 6*h**2 - h - 8. Let c be m(6). Let f(k) = k + 9. Let a be f(c). Give n(a).
0
Let c = -8 - -13. Let y(l) be the third derivative of l**6/360 - l**5/24 + 7*l**4/24 - 7*l**3/6 + 4*l**2. Let b(n) be the first derivative of y(n). Give b(c).
7
Let q(g) = 3*g - 1. Let l be 364/(-104)*8/(-14). Determine q(l).
5
Let z(c) be the first derivative of 9*c**2/2 + 8*c + 367. Calculate z(-6).
-46
Suppose 0 = 4*h - 7*h + 9. Let v(j) = -5*j**2 + 1. Let p(d) = 29*d**2 + 2*d - 2. Let n(x) = p(x) + 6*v(x). What is n(h)?
1
Let p = 409 - 408. Let r(b) = -21*b**3 + b**2 - b + 1. Calculate r(p).
-20
Let w(h) = h + h - 4*h - 6. Let y be 461 + 0 + -3 + 1. Let t be y/(-63) + (-4)/(-14). Calculate w(t).
8
Let x(s) = s**3 - 6*s**2 + 10*s - 9. Let w(b) = b**2 + 2*b - 45. Let y be w(-8). Let d be x(y). Let m(i) = i**3 + 7*i**2 + 5*i - 4. What is m(d)?
2
Let b(k) = -7*k**2 + k. Let x be b(-1). Let a(n) = 22*n**2 + 16*n - 8. Let m(h) = -35*h**2 - 24*h + 12. Let d(q) = 8*a(q) + 5*m(q). Give d(x).
-4
Let k(m) be the third derivative of m**7/5040 + m**6/120 - m**5/20 + 17*m**2. Let n(r) be the third derivative of k(r). What is n(5)?
11
Let d(h) be the third derivative of 0*h**3 + h**2 + 1/4*h**4 - 1/60*h**5 + 0 - 8*h. Calculate d(6).
0
Let p(g) = -g + 115 - 228 + 112. Suppose b + 3*b + 16 = -4*s, 20 = 2*s - 5*b. Give p(s).
-1
Let w(g) be the first derivative of g**5/40 - g**4/8 - 16*g**3/3 + 9. Let c(t) be the third derivative of w(t). What is c(2)?
3
Let g(n) = -2*n - 4. Suppose -4*j - f = -0*j + 65, f = -5*j - 80. Let c be (-2)/((-10)/j) + 10. Suppose 2*h = -17 + c. Determine g(h).
6
Let f(s) = s**3 + 12*s**2 - 12*s + 15. Let y(h) = h**2 - 9*h + 1. Let p be y(7). Calculate f(p).
2
Let a(n) = -n**3 - 9*n**2 + n + 5. Suppose -36 = 14*p - 10*p. Determine a(p).
-4
Let v(g) = -2*g**2 - 4*g + 4. Let z be v(1). Let i be z/(-10) + 6/(-30). Let f(y) = -y**2 - y + 3. Give f(i).
3
Suppose 0 = -2*n + 3*n + 8. Let y(w) = -8 + w**3 + 7*w**2 + 2 - 56*w + 48*w. Determine y(n).
-6
Let h = -8 - -10. Suppose -p = h, k + 3*p = 7*p + 10. Let v(b) = -k*b + b**2 - 5*b + 6 - 6. Give v(6).
-6
Let g be ((-2 - -2)/(-3))/(-2). Let n(o) be the third derivative of -1/20*o**5 + g - 1/24*o**4 - 1/60*o**6 + 0*o + 6*o**2 + 0*o**3. Calculate n(-2).
6
Let p(b) be the first derivative of -b**5/20 + 5*b**4/12 - 7*b**2/2 + 42*b + 4. Let h(u) be the first derivative of p(u). Give h(5).
-7
Let r(b) = -18*b**2 - 2 + 59*b**2 - 24*b**2 + b**3 - 15*b**2. Calculate r(-3).
-11
Let q(u) be the second derivative of 3*u**5/20 + u**4/12 - u**2/2 + 2*u + 3. Give q(-1).
-3
Let r(o) be the second derivative of o**4/8 + o**3/6 - 19*o**2/2 + 13*o. Let p(j) be the first derivative of r(j). Give p(-1).
-2
Suppose 2*u = -12 + 14. Let n(d) = -d + 5 + d**2 - 2 - u. Determine n(2).
4
Let m(r) = -r**2 - 3*r - 6. Let h(z) = 2*z**2 + 5*z + 11. Let f = 53 - 60. Let n(a) = f*m(a) - 4*h(a). Give n(0).
-2
Suppose -5*b - 10 = -4*q, 1 = -2*q - 2*b - 3. Suppose c + 6 = -q. Let z(n) = n**2 - n - n + 3 + 8*n. Calculate z(c).
3
Let g(v) = v**3 + 4*v**2 + 4*v + 2. Let c = 4 + -8. Let q = 8 + c. Suppose 2*j = -m - 15 + 5, -j + q*m = -13. Determine g(j).
-1
Let a(t) = 9912 - 2*t + 0*t - 9910. Determine a(4).
-6
Let t(o) be the third derivative of -o**6/360 + o**5/60 - o**4/24 + 35*o**3/6 + 10*o**2. Let p(h) be the first derivative of t(h). What is p(2)?
-1
Suppose -5*y + 5*z + 30 = 0, 8*y - 24 = 9*y + 5*z. Let j(b) be the first derivative of 5/3*b**3 + 1/2*b**2 + 1/4*b**4 + y - 5*b. What is j(-4)?
7
Suppose -4*h - 31 + 39 = 0. Let z(r) = 2*r**2 + 5*r**2 + 2 - r - 2*r**2 - 3*r**h. What is z(2)?
8
Let l(v) = 6*v**2 + 8*v + 2. Let i(u) = -2*u - 1. Let s(d) = -3*i(d) - l(d). What is s(1)?
-7
Let c(s) = s**2 + 2*s - 4. Let a = -47 + 49. Suppose 13 = a*n + 21. Give c(n).
4
Let d be (-4 + 1 - 89)*-2. Let m(w) = -w**2 - d + 182 - 4*w + 8*w. What is m(3)?
1
Let m(t) = 5*t + 12. Let n = -1418 - -1415. Calculate m(n).
-3
Suppose 26 = -3*c - 5*f - 6, -4*c - 5*f - 36 = 0. Let q be c/(-6)*(-27)/6. Let n(j) = 5 - 4*j + j**2 + 7*j - 2. Determine n(q).
3
Let s(c) be the third derivative of c**4/24 - c**3/3 + 147*c**2. Calculate s(2).
0
Let l(v) = -v**3 + 5*v**2 + 8*v - 8. Let k be l(6). Let i(q) = k*q**2 - 2 - 9*q**2 + 4*q**2 - 6*q. Determine i(-6).
-2
Let v = 9 - 7. Suppose v = -0*x - x. Let h(l) = -25*l - 16. Let a(b) = -5*b - 3. Let q(p) = -11*a(p) + 2*h(p). Give q(x).
-9
Let r(w) = -2*w - 3. Let h be r(-1). Let q be 5 + h + -11*1. Let t be (-9 + 11)*q/(-2). Let a(v) = v - 9. Calculate a(t).
-2
Let v(h) = -14*h**3 - 21*h**2 - 28. Let g(t) = -5*t**3 - 7*t**2 - 10. Let x(a) = -11*g(a) + 4*v(a). What is x(-6)?
-38
Suppose 5 = 5*z, 4*w = -w + 4*z + 26. Let g(f) = 3*f + 2 - 3 - 2*f + w. Give g(0).
5
Let l(n) = -4*n - 38. Let p(r) = 6*r + 37. Let f(b) = 4*l(b) + 3*p(b). Give f(21).
1
Let x(y) = y**3 + 7*y**2 + 6*y - 2. Let s be -1*(60/(-9) - 1/3). Let r be -3*s/((-42)/(-12)). Give x(r).
-2
Suppose -5*k + 7 = -2*q, 0*q - 3*k + 7 = -4*q. Let w(y) = 43*y**2. What is w(q)?
43
Let f = 307 - 315. Let w(t) = t**3 + 9*t**2 + 11*t + 11. Give w(f).
-13
Let k(s) = 1 + s**2 + 0*s**2 - 3*s**2 + 3*s**2. Let r(a) = a**3 - 7*a**2. Let q be r(7). What is k(q)?
1
Let d = 30 + -32. Let b(a) = 2*a**2 + 2*a - 11. Let u be (-6)/(-33) + 270/(-33). Let n(r) = r**2 + r - 4. Let k(o) = u*n(o) + 3*b(o). What is k(d)?
-5
Let v(q) be the first derivative of q**4/24 - q**3/6 - 6*q**2 - 8. Let a(r) be the second deriva